{"id":481,"date":"2023-08-16T14:30:36","date_gmt":"2023-08-16T14:30:36","guid":{"rendered":"https:\/\/ainalimentaciosana.com\/?page_id=481"},"modified":"2024-04-04T09:22:33","modified_gmt":"2024-04-04T09:22:33","slug":"politica-daccessibilitat","status":"publish","type":"page","link":"https:\/\/ainalimentaciosana.com\/es\/politica-daccessibilitat\/","title":{"rendered":"Pol\u00edtica de Accesibilidad"},"content":{"rendered":"<p>[et_pb_section fb_built=&#8221;1&#8243; _builder_version=&#8221;4.21.0&#8243; _module_preset=&#8221;default&#8221; global_colors_info=&#8221;{}&#8221;][et_pb_row _builder_version=&#8221;4.21.0&#8243; _module_preset=&#8221;default&#8221; global_colors_info=&#8221;{}&#8221;][et_pb_column type=&#8221;4_4&#8243; _builder_version=&#8221;4.21.0&#8243; _module_preset=&#8221;default&#8221; global_colors_info=&#8221;{}&#8221;][et_pb_text _builder_version=&#8221;4.24.1&#8243; _module_preset=&#8221;default&#8221; header_font_size=&#8221;45px&#8221; hover_enabled=&#8221;0&#8243; global_colors_info=&#8221;{}&#8221; sticky_enabled=&#8221;0&#8243;]<\/p>\n<h1><strong>Pol\u00edtica d&#8217;Accessibilitat<\/strong><\/h1>\n<p><strong><\/strong><\/p>\n<p><strong><\/strong><\/p>\n<p><em>\u00daltima actualitzaci\u00f3: 31\/07\/2023<\/em><\/p>\n<h3><strong>Comprom\u00eds amb l&#8217;Accessibilitat<\/strong><\/h3>\n<p>Ainalimentaciosana es compromet a proporcionar un lloc web accessible a tots els usuaris, independentment de les seves capacitats o discapacitats. Reconeixem la import\u00e0ncia de garantir que el nostre lloc web estigui dissenyat i desenvolupat de manera inclusiva per oferir una experi\u00e8ncia en l\u00ednia igualit\u00e0ria per a tothom.<\/p>\n<h3><strong>Est\u00e0ndards d&#8217;Accessibilitat<\/strong><\/h3>\n<p>Treballem en conson\u00e0ncia amb les pautes establertes en l&#8217;est\u00e0ndard d&#8217;accessibilitat WCAG 2.1 (Web Content Accessibility Guidelines) em\u00e8s pel W3C (World Wide Web Consortium). Ens esforcem per complir amb els nivells de conformitat AA, que inclouen una \u00e0mplia gamma de requisits per fer que el contingut en l\u00ednia sigui m\u00e9s accessible per a persones amb diverses discapacitats.<\/p>\n<h3><strong>Mesures d&#8217;Accessibilitat Implementades<\/strong><\/h3>\n<ul>\n<li>Text Alternatiu per a Imatges: Proporcionem text alternatiu descriptiu per a totes les imatges al nostre lloc web, la qual cosa permet als usuaris amb discapacitat visual comprendre el contingut visual.<\/li>\n<li>Contrast Adequat: Garantim que hi hagi un contrast adequat entre el text i el fons, la qual cosa facilita la lectura per a persones amb baixa visi\u00f3.<\/li>\n<li>Navegaci\u00f3 Intu\u00eftiva: Dissenyem una navegaci\u00f3 clara i l\u00f2gica per permetre a tots els usuaris accedir f\u00e0cilment a diferents seccions del lloc web.<\/li>\n<li>Etiquetes Sem\u00e0ntiques: Utilitzem etiquetes sem\u00e0ntiques apropiades per millorar la comprensi\u00f3 del contingut per part de lectors de pantalla i dispositius d&#8217;assist\u00e8ncia.<\/li>\n<\/ul>\n<h3><strong>Continuem Millorant<\/strong><\/h3>\n<p>Reconeixem que l&#8217;accessibilitat \u00e9s un objectiu en constant evoluci\u00f3. Estem compromesos a seguir millorant l&#8217;accessibilitat del nostre lloc web i a realitzar ajustos continus per garantir que tots els usuaris puguin accedir a la informaci\u00f3 i els serveis que oferim.<\/p>\n<h3><strong>Comentaris i Suggeriments<\/strong><\/h3>\n<p>Valorem els comentaris dels usuaris sobre l&#8217;accessibilitat del nostre lloc web. Si trobes dificultats o tens suggeriments per millorar l&#8217;accessibilitat, t&#8217;animem a posar-te en contacte amb nosaltres a trav\u00e9s de [<strong><a href=\"mailto:aina.alimentaciosana@gmail.com\">aina.alimentaciosana@gmail.com<\/a><\/strong>].<\/p>\n<p>[\/et_pb_text][\/et_pb_column][\/et_pb_row][\/et_pb_section]<\/p>\n","protected":false},"excerpt":{"rendered":"<p>Pol\u00edtica d&#8217;Accessibilitat \u00daltima actualitzaci\u00f3: 31\/07\/2023 Comprom\u00eds amb l&#8217;Accessibilitat Ainalimentaciosana es compromet a proporcionar un lloc web accessible a tots els usuaris, independentment de les seves capacitats o discapacitats. Reconeixem la import\u00e0ncia de garantir que el nostre lloc web estigui dissenyat i desenvolupat de manera inclusiva per oferir una experi\u00e8ncia en l\u00ednia igualit\u00e0ria per a tothom. [&hellip;]<\/p>\n","protected":false},"author":1,"featured_media":0,"parent":0,"menu_order":0,"comment_status":"closed","ping_status":"closed","template":"","meta":{"_et_pb_use_builder":"on","_et_pb_old_content":"","_et_gb_content_width":"","_joinchat":[],"footnotes":""},"class_list":["post-481","page","type-page","status-publish","hentry"],"yoast_head":"<!-- This site is optimized with the Yoast SEO plugin v27.3 - https:\/\/yoast.com\/product\/yoast-seo-wordpress\/ -->\n<title>Pol\u00edtica d&#039;Accessibilitat - Aina Alimentaci\u00f3 Sana<\/title>\n<meta name=\"robots\" content=\"index, follow, max-snippet:-1, max-image-preview:large, max-video-preview:-1\" \/>\n<link rel=\"canonical\" href=\"https:\/\/ainalimentaciosana.com\/es\/politica-daccessibilitat\/\" \/>\n<meta property=\"og:locale\" content=\"es_ES\" \/>\n<meta property=\"og:type\" content=\"article\" \/>\n<meta property=\"og:title\" content=\"Pol\u00edtica d&#039;Accessibilitat - Aina Alimentaci\u00f3 Sana\" \/>\n<meta property=\"og:description\" content=\"Pol\u00edtica d&#039;Accessibilitat \u00daltima actualitzaci\u00f3: 31\/07\/2023 Comprom\u00eds amb l&#039;Accessibilitat Ainalimentaciosana es compromet a proporcionar un lloc web accessible a tots els usuaris, independentment de les seves capacitats o discapacitats. Reconeixem la import\u00e0ncia de garantir que el nostre lloc web estigui dissenyat i desenvolupat de manera inclusiva per oferir una experi\u00e8ncia en l\u00ednia igualit\u00e0ria per a tothom. [&hellip;]\" \/>\n<meta property=\"og:url\" content=\"https:\/\/ainalimentaciosana.com\/es\/politica-daccessibilitat\/\" \/>\n<meta property=\"og:site_name\" content=\"Aina Alimentaci\u00f3 Sana\" \/>\n<meta property=\"article:modified_time\" content=\"2024-04-04T09:22:33+00:00\" \/>\n<meta name=\"twitter:card\" content=\"summary_large_image\" \/>\n<script type=\"application\/ld+json\" class=\"yoast-schema-graph\">{\"@context\":\"https:\\\/\\\/schema.org\",\"@graph\":[{\"@type\":\"WebPage\",\"@id\":\"https:\\\/\\\/ainalimentaciosana.com\\\/politica-daccessibilitat\\\/\",\"url\":\"https:\\\/\\\/ainalimentaciosana.com\\\/politica-daccessibilitat\\\/\",\"name\":\"Pol\u00edtica d'Accessibilitat - Aina Alimentaci\u00f3 Sana\",\"isPartOf\":{\"@id\":\"https:\\\/\\\/ainalimentaciosana.com\\\/#website\"},\"datePublished\":\"2023-08-16T14:30:36+00:00\",\"dateModified\":\"2024-04-04T09:22:33+00:00\",\"breadcrumb\":{\"@id\":\"https:\\\/\\\/ainalimentaciosana.com\\\/politica-daccessibilitat\\\/#breadcrumb\"},\"inLanguage\":\"es\",\"potentialAction\":[{\"@type\":\"ReadAction\",\"target\":[\"https:\\\/\\\/ainalimentaciosana.com\\\/politica-daccessibilitat\\\/\"]}]},{\"@type\":\"BreadcrumbList\",\"@id\":\"https:\\\/\\\/ainalimentaciosana.com\\\/politica-daccessibilitat\\\/#breadcrumb\",\"itemListElement\":[{\"@type\":\"ListItem\",\"position\":1,\"name\":\"Portada\",\"item\":\"https:\\\/\\\/ainalimentaciosana.com\\\/\"},{\"@type\":\"ListItem\",\"position\":2,\"name\":\"Pol\u00edtica d&#8217;Accessibilitat\"}]},{\"@type\":\"WebSite\",\"@id\":\"https:\\\/\\\/ainalimentaciosana.com\\\/#website\",\"url\":\"https:\\\/\\\/ainalimentaciosana.com\\\/\",\"name\":\"Aina Alimentaci\u00f3 Sana\",\"description\":\"\",\"publisher\":{\"@id\":\"https:\\\/\\\/ainalimentaciosana.com\\\/#organization\"},\"potentialAction\":[{\"@type\":\"SearchAction\",\"target\":{\"@type\":\"EntryPoint\",\"urlTemplate\":\"https:\\\/\\\/ainalimentaciosana.com\\\/?s={search_term_string}\"},\"query-input\":{\"@type\":\"PropertyValueSpecification\",\"valueRequired\":true,\"valueName\":\"search_term_string\"}}],\"inLanguage\":\"es\"},{\"@type\":\"Organization\",\"@id\":\"https:\\\/\\\/ainalimentaciosana.com\\\/#organization\",\"name\":\"Aina Alimentaci\u00f3 Sana\",\"url\":\"https:\\\/\\\/ainalimentaciosana.com\\\/\",\"logo\":{\"@type\":\"ImageObject\",\"inLanguage\":\"es\",\"@id\":\"https:\\\/\\\/ainalimentaciosana.com\\\/#\\\/schema\\\/logo\\\/image\\\/\",\"url\":\"https:\\\/\\\/ainalimentaciosana.com\\\/wp-content\\\/uploads\\\/2023\\\/06\\\/Diseno-sin-titulo-4.png\",\"contentUrl\":\"https:\\\/\\\/ainalimentaciosana.com\\\/wp-content\\\/uploads\\\/2023\\\/06\\\/Diseno-sin-titulo-4.png\",\"width\":1080,\"height\":1080,\"caption\":\"Aina Alimentaci\u00f3 Sana\"},\"image\":{\"@id\":\"https:\\\/\\\/ainalimentaciosana.com\\\/#\\\/schema\\\/logo\\\/image\\\/\"}}]}<\/script>\n<!-- \/ Yoast SEO plugin. -->","yoast_head_json":{"title":"Pol\u00edtica d'Accessibilitat - Aina Alimentaci\u00f3 Sana","robots":{"index":"index","follow":"follow","max-snippet":"max-snippet:-1","max-image-preview":"max-image-preview:large","max-video-preview":"max-video-preview:-1"},"canonical":"https:\/\/ainalimentaciosana.com\/es\/politica-daccessibilitat\/","og_locale":"es_ES","og_type":"article","og_title":"Pol\u00edtica d'Accessibilitat - Aina Alimentaci\u00f3 Sana","og_description":"Pol\u00edtica d'Accessibilitat \u00daltima actualitzaci\u00f3: 31\/07\/2023 Comprom\u00eds amb l'Accessibilitat Ainalimentaciosana es compromet a proporcionar un lloc web accessible a tots els usuaris, independentment de les seves capacitats o discapacitats. Reconeixem la import\u00e0ncia de garantir que el nostre lloc web estigui dissenyat i desenvolupat de manera inclusiva per oferir una experi\u00e8ncia en l\u00ednia igualit\u00e0ria per a tothom. [&hellip;]","og_url":"https:\/\/ainalimentaciosana.com\/es\/politica-daccessibilitat\/","og_site_name":"Aina Alimentaci\u00f3 Sana","article_modified_time":"2024-04-04T09:22:33+00:00","twitter_card":"summary_large_image","schema":{"@context":"https:\/\/schema.org","@graph":[{"@type":"WebPage","@id":"https:\/\/ainalimentaciosana.com\/politica-daccessibilitat\/","url":"https:\/\/ainalimentaciosana.com\/politica-daccessibilitat\/","name":"Pol\u00edtica d'Accessibilitat - Aina Alimentaci\u00f3 Sana","isPartOf":{"@id":"https:\/\/ainalimentaciosana.com\/#website"},"datePublished":"2023-08-16T14:30:36+00:00","dateModified":"2024-04-04T09:22:33+00:00","breadcrumb":{"@id":"https:\/\/ainalimentaciosana.com\/politica-daccessibilitat\/#breadcrumb"},"inLanguage":"es","potentialAction":[{"@type":"ReadAction","target":["https:\/\/ainalimentaciosana.com\/politica-daccessibilitat\/"]}]},{"@type":"BreadcrumbList","@id":"https:\/\/ainalimentaciosana.com\/politica-daccessibilitat\/#breadcrumb","itemListElement":[{"@type":"ListItem","position":1,"name":"Portada","item":"https:\/\/ainalimentaciosana.com\/"},{"@type":"ListItem","position":2,"name":"Pol\u00edtica d&#8217;Accessibilitat"}]},{"@type":"WebSite","@id":"https:\/\/ainalimentaciosana.com\/#website","url":"https:\/\/ainalimentaciosana.com\/","name":"Aina Alimentaci\u00f3 Sana","description":"","publisher":{"@id":"https:\/\/ainalimentaciosana.com\/#organization"},"potentialAction":[{"@type":"SearchAction","target":{"@type":"EntryPoint","urlTemplate":"https:\/\/ainalimentaciosana.com\/?s={search_term_string}"},"query-input":{"@type":"PropertyValueSpecification","valueRequired":true,"valueName":"search_term_string"}}],"inLanguage":"es"},{"@type":"Organization","@id":"https:\/\/ainalimentaciosana.com\/#organization","name":"Aina Alimentaci\u00f3 Sana","url":"https:\/\/ainalimentaciosana.com\/","logo":{"@type":"ImageObject","inLanguage":"es","@id":"https:\/\/ainalimentaciosana.com\/#\/schema\/logo\/image\/","url":"https:\/\/ainalimentaciosana.com\/wp-content\/uploads\/2023\/06\/Diseno-sin-titulo-4.png","contentUrl":"https:\/\/ainalimentaciosana.com\/wp-content\/uploads\/2023\/06\/Diseno-sin-titulo-4.png","width":1080,"height":1080,"caption":"Aina Alimentaci\u00f3 Sana"},"image":{"@id":"https:\/\/ainalimentaciosana.com\/#\/schema\/logo\/image\/"}}]}},"_links":{"self":[{"href":"https:\/\/ainalimentaciosana.com\/es\/wp-json\/wp\/v2\/pages\/481","targetHints":{"allow":["GET"]}}],"collection":[{"href":"https:\/\/ainalimentaciosana.com\/es\/wp-json\/wp\/v2\/pages"}],"about":[{"href":"https:\/\/ainalimentaciosana.com\/es\/wp-json\/wp\/v2\/types\/page"}],"author":[{"embeddable":true,"href":"https:\/\/ainalimentaciosana.com\/es\/wp-json\/wp\/v2\/users\/1"}],"replies":[{"embeddable":true,"href":"https:\/\/ainalimentaciosana.com\/es\/wp-json\/wp\/v2\/comments?post=481"}],"version-history":[{"count":3,"href":"https:\/\/ainalimentaciosana.com\/es\/wp-json\/wp\/v2\/pages\/481\/revisions"}],"predecessor-version":[{"id":1068,"href":"https:\/\/ainalimentaciosana.com\/es\/wp-json\/wp\/v2\/pages\/481\/revisions\/1068"}],"wp:attachment":[{"href":"https:\/\/ainalimentaciosana.com\/es\/wp-json\/wp\/v2\/media?parent=481"}],"curies":[{"name":"wp","href":"https:\/\/api.w.org\/{rel}","templated":true}]}}

Política de Accesibilidad

<p>[et_pb_section fb_built=&#8221;1&#8243; _builder_version=&#8221;4.21.0&#8243; _module_preset=&#8221;default&#8221; global_colors_info=&#8221;{}&#8221;][et_pb_row _builder_version=&#8221;4.21.0&#8243; _module_preset=&#8221;default&#8221; global_colors_info=&#8221;{}&#8221;][et_pb_column type=&#8221;4_4&#8243; _builder_version=&#8221;4.21.0&#8243; _module_preset=&#8221;default&#8221; global_colors_info=&#8221;{}&#8221;][et_pb_text _builder_version=&#8221;4.24.1&#8243; _module_preset=&#8221;default&#8221; header_font_size=&#8221;45px&#8221; hover_enabled=&#8221;0&#8243; global_colors_info=&#8221;{}&#8221; sticky_enabled=&#8221;0&#8243;]</p>
<h1><strong>Política d&#8217;Accessibilitat</strong></h1>
<p><strong></strong></p>
<p><strong></strong></p>
<p><em>Última actualització: 31/07/2023</em></p>
<h3><strong>Compromís amb l&#8217;Accessibilitat</strong></h3>
<p>Ainalimentaciosana es compromet a proporcionar un lloc web accessible a tots els usuaris, independentment de les seves capacitats o discapacitats. Reconeixem la importància de garantir que el nostre lloc web estigui dissenyat i desenvolupat de manera inclusiva per oferir una experiència en línia igualitària per a tothom.</p>
<h3><strong>Estàndards d&#8217;Accessibilitat</strong></h3>
<p>Treballem en consonància amb les pautes establertes en l&#8217;estàndard d&#8217;accessibilitat WCAG 2.1 (Web Content Accessibility Guidelines) emès pel W3C (World Wide Web Consortium). Ens esforcem per complir amb els nivells de conformitat AA, que inclouen una àmplia gamma de requisits per fer que el contingut en línia sigui més accessible per a persones amb diverses discapacitats.</p>
<h3><strong>Mesures d&#8217;Accessibilitat Implementades</strong></h3>
<ul>
<li>Text Alternatiu per a Imatges: Proporcionem text alternatiu descriptiu per a totes les imatges al nostre lloc web, la qual cosa permet als usuaris amb discapacitat visual comprendre el contingut visual.</li>
<li>Contrast Adequat: Garantim que hi hagi un contrast adequat entre el text i el fons, la qual cosa facilita la lectura per a persones amb baixa visió.</li>
<li>Navegació Intuïtiva: Dissenyem una navegació clara i lògica per permetre a tots els usuaris accedir fàcilment a diferents seccions del lloc web.</li>
<li>Etiquetes Semàntiques: Utilitzem etiquetes semàntiques apropiades per millorar la comprensió del contingut per part de lectors de pantalla i dispositius d&#8217;assistència.</li>
</ul>
<h3><strong>Continuem Millorant</strong></h3>
<p>Reconeixem que l&#8217;accessibilitat és un objectiu en constant evolució. Estem compromesos a seguir millorant l&#8217;accessibilitat del nostre lloc web i a realitzar ajustos continus per garantir que tots els usuaris puguin accedir a la informació i els serveis que oferim.</p>
<h3><strong>Comentaris i Suggeriments</strong></h3>
<p>Valorem els comentaris dels usuaris sobre l&#8217;accessibilitat del nostre lloc web. Si trobes dificultats o tens suggeriments per millorar l&#8217;accessibilitat, t&#8217;animem a posar-te en contacte amb nosaltres a través de [<strong><a href="mailto:aina.alimentaciosana@gmail.com">aina.alimentaciosana@gmail.com</a></strong>].</p>
<p>[/et_pb_text][/et_pb_column][/et_pb_row][/et_pb_section]</p>

<p>Política d&#8217;Accessibilitat Última actualització: 31/07/2023 Compromís amb l&#8217;Accessibilitat Ainalimentaciosana es compromet a proporcionar un lloc web accessible a tots els usuaris, independentment de les seves capacitats o discapacitats. Reconeixem la importància de garantir que el nostre lloc web estigui dissenyat i desenvolupat de manera inclusiva per oferir una experiència en línia igualitària per a tothom. [&hellip;]</p>

<!-- This site is optimized with the Yoast SEO plugin v27.3 - https://yoast.com/product/yoast-seo-wordpress/ -->
<title>Política d&#039;Accessibilitat - Aina Alimentació Sana</title>
<meta name="robots" content="index, follow, max-snippet:-1, max-image-preview:large, max-video-preview:-1" />
<link rel="canonical" href="https://ainalimentaciosana.com/es/politica-daccessibilitat/" />
<meta property="og:locale" content="es_ES" />
<meta property="og:type" content="article" />
<meta property="og:title" content="Política d&#039;Accessibilitat - Aina Alimentació Sana" />
<meta property="og:description" content="Política d&#039;Accessibilitat Última actualització: 31/07/2023 Compromís amb l&#039;Accessibilitat Ainalimentaciosana es compromet a proporcionar un lloc web accessible a tots els usuaris, independentment de les seves capacitats o discapacitats. Reconeixem la importància de garantir que el nostre lloc web estigui dissenyat i desenvolupat de manera inclusiva per oferir una experiència en línia igualitària per a tothom. [&hellip;]" />
<meta property="og:url" content="https://ainalimentaciosana.com/es/politica-daccessibilitat/" />
<meta property="og:site_name" content="Aina Alimentació Sana" />
<meta property="article:modified_time" content="2024-04-04T09:22:33+00:00" />
<meta name="twitter:card" content="summary_large_image" />
<script type="application/ld+json" class="yoast-schema-graph">{"@context":"https:\/\/schema.org","@graph":[{"@type":"WebPage","@id":"https:\/\/ainalimentaciosana.com\/politica-daccessibilitat\/","url":"https:\/\/ainalimentaciosana.com\/politica-daccessibilitat\/","name":"Política d'Accessibilitat - Aina Alimentació Sana","isPartOf":{"@id":"https:\/\/ainalimentaciosana.com\/#website"},"datePublished":"2023-08-16T14:30:36+00:00","dateModified":"2024-04-04T09:22:33+00:00","breadcrumb":{"@id":"https:\/\/ainalimentaciosana.com\/politica-daccessibilitat\/#breadcrumb"},"inLanguage":"es","potentialAction":[{"@type":"ReadAction","target":["https:\/\/ainalimentaciosana.com\/politica-daccessibilitat\/"]}]},{"@type":"BreadcrumbList","@id":"https:\/\/ainalimentaciosana.com\/politica-daccessibilitat\/#breadcrumb","itemListElement":[{"@type":"ListItem","position":1,"name":"Portada","item":"https:\/\/ainalimentaciosana.com\/"},{"@type":"ListItem","position":2,"name":"Política d&#8217;Accessibilitat"}]},{"@type":"WebSite","@id":"https:\/\/ainalimentaciosana.com\/#website","url":"https:\/\/ainalimentaciosana.com\/","name":"Aina Alimentació Sana","description":"","publisher":{"@id":"https:\/\/ainalimentaciosana.com\/#organization"},"potentialAction":[{"@type":"SearchAction","target":{"@type":"EntryPoint","urlTemplate":"https:\/\/ainalimentaciosana.com\/?s={search_term_string}"},"query-input":{"@type":"PropertyValueSpecification","valueRequired":true,"valueName":"search_term_string"}}],"inLanguage":"es"},{"@type":"Organization","@id":"https:\/\/ainalimentaciosana.com\/#organization","name":"Aina Alimentació Sana","url":"https:\/\/ainalimentaciosana.com\/","logo":{"@type":"ImageObject","inLanguage":"es","@id":"https:\/\/ainalimentaciosana.com\/#\/schema\/logo\/image\/","url":"https:\/\/ainalimentaciosana.com\/wp-content\/uploads\/2023\/06\/Diseno-sin-titulo-4.png","contentUrl":"https:\/\/ainalimentaciosana.com\/wp-content\/uploads\/2023\/06\/Diseno-sin-titulo-4.png","width":1080,"height":1080,"caption":"Aina Alimentació Sana"},"image":{"@id":"https:\/\/ainalimentaciosana.com\/#\/schema\/logo\/image\/"}}]}</script>
<!-- / Yoast SEO plugin. -->

Política d'Accessibilitat - Aina Alimentació Sana

Política d'Accessibilitat Última actualització: 31/07/2023 Compromís amb l'Accessibilitat Ainalimentaciosana es compromet a proporcionar un lloc web accessible a tots els usuaris, independentment de les seves capacitats o discapacitats. Reconeixem la importància de garantir que el nostre lloc web estigui dissenyat i desenvolupat de manera inclusiva per oferir una experiència en línia igualitària per a tothom. [&hellip;]

Aina Alimentació Sana

Política d&#8217;Accessibilitat
